{"id":24,"date":"2025-01-18T19:14:37","date_gmt":"2025-01-18T19:14:37","guid":{"rendered":"http:\/\/www.ciclismoenalicante.es\/?page_id=24"},"modified":"2025-11-26T15:51:36","modified_gmt":"2025-11-26T15:51:36","slug":"sr-montanas-de-alicante","status":"publish","type":"page","link":"https:\/\/www.ciclismoenalicante.es\/?page_id=24","title":{"rendered":"SR Monta\u00f1as de Alicante ES-AL"},"content":{"rendered":"\n<p><strong>Inscripciones<\/strong> <a href=\"https:\/\/chmedios.wufoo.com\/forms\/mvdsek51kewiyg\/\">I<\/a><a href=\"https:\/\/chmedios.wufoo.com\/forms\/mvdsek51kewiyg\/\" target=\"_blank\" rel=\"noreferrer noopener\">NSCRIPCION BREVETS CC ALIBIKE 2026<\/a><\/p>\n\n\n\n<p>La Super Randonn\u00e9e Monta\u00f1as de Alicante es un recorrido permanente de <strong>600 Kms<\/strong> y m\u00e1s de <strong>10.000 metros<\/strong> de desnivel positivo. <\/p>\n\n\n\n<p>El participante elige la fecha y la hora de salida, c\u00f3mo se organiza, qu\u00e9 lleva en sus mochilas, c\u00f3mo gestiona su tiempo, si duerme en el hotel o en un saco de dormir o no. <\/p>\n\n\n\n<p>En cuanto a su propia organizaci\u00f3n, no tiene otra obligaci\u00f3n que la de cumplir con el tiempo global seg\u00fan la opci\u00f3n elegida, <strong>Randonneur<\/strong> con <strong>60 horas<\/strong> de tiempo m\u00e1ximo para realizarla o  en modo <strong>Turista<\/strong> y realizar el recorrido sin el apoyo de un veh\u00edculo.<\/p>\n\n\n\n<h2 class=\"wp-block-heading\">Track<\/h2>\n\n\n\n<iframe width=\"100%\" height=\"650\" loading=\"lazy\" src=\"https:\/\/www.openrunner.com\/embed\/65635743614c6e4a2f435a786f784c737746555563466b4272756837462b7a4465676e3978304b456e4d773d3a3a228b7bd0012d1dda3b680d3d477ff5c3?unit=metric\" style=\"border: none;\"><\/iframe>\n\n\n\n<h2 class=\"wp-block-heading\">Libro de Ruta<\/h2>\n\n\n\n<div data-wp-interactive=\"core\/file\" class=\"wp-block-file\"><object data-wp-bind--hidden=\"!state.hasPdfPreview\" hidden class=\"wp-block-file__embed\" data=\"https:\/\/www.ciclismoenalicante.es\/wp-content\/uploads\/2025\/06\/SR-MONTANAS-DE-ALICANTE.pdf\" type=\"application\/pdf\" style=\"width:100%;height:600px\" aria-label=\"Incrustado de SR MONTA\u00d1AS DE ALICANTE.\"><\/object><a id=\"wp-block-file--media-5af6007f-0e98-4e10-a345-94655e46a9c2\" href=\"https:\/\/www.ciclismoenalicante.es\/wp-content\/uploads\/2025\/06\/SR-MONTANAS-DE-ALICANTE.pdf\">SR MONTA\u00d1AS DE ALICANTE<\/a><a href=\"https:\/\/www.ciclismoenalicante.es\/wp-content\/uploads\/2025\/06\/SR-MONTANAS-DE-ALICANTE.pdf\" class=\"wp-block-file__button wp-element-button\" download aria-describedby=\"wp-block-file--media-5af6007f-0e98-4e10-a345-94655e46a9c2\">Descarga<\/a><\/div>\n\n\n\n<h2 class=\"wp-block-heading\">Resultados<\/h2>\n\n\n\n<div class=\"wp-block-file\"><a id=\"wp-block-file--media-ab5d900f-4f97-401a-b015-0e42da909eed\" href=\"https:\/\/www.ciclismoenalicante.es\/wp-content\/uploads\/2025\/06\/SR_Montanas_de_Alicante_Results-1.xlsx\">SR_Monta\u00f1as_de_Alicante_Results<\/a><a href=\"https:\/\/www.ciclismoenalicante.es\/wp-content\/uploads\/2025\/06\/SR_Montanas_de_Alicante_Results-1.xlsx\" class=\"wp-block-file__button wp-element-button\" download aria-describedby=\"wp-block-file--media-ab5d900f-4f97-401a-b015-0e42da909eed\">Descarga<\/a><\/div>\n\n\n\n<h2 class=\"wp-block-heading\">Reglamento<\/h2>\n\n\n\n<p class=\"has-black-color has-text-color has-link-color has-small-font-size wp-elements-4142bf535849fc1dd3cfd5786360f092\"><strong>REGLAS PARA LOS CORREDORES <\/strong><br><br><strong>Introducci\u00f3n<\/strong> <br><br>La Super Randonn\u00e9e es un recorrido permanente, que se realiza por iniciativa del participante. Los corredores eligen la fecha y la hora de salida, c\u00f3mo se organizan, qu\u00e9 llevan en sus mochilas, c\u00f3mo gestionan su tiempo, si duermen en el hotel o en un saco de dormir o no. En cuanto a su propia organizaci\u00f3n, no tienen otra obligaci\u00f3n que la de cumplir con el tiempo global seg\u00fan la opci\u00f3n elegida (Randonneur o Tourist) y realizar el recorrido sin el apoyo de un veh\u00edculo. Cada uno de ellos es responsable de validar su paso en los controles. En resumen, pueden y deben gestionar las cosas por s\u00ed mismos. El esp\u00edritu de la Super Randonn\u00e9e se basa en la libertad y la madurez de los corredores. <br><br><strong>\u00bfQu\u00e9 son las Super Randonn\u00e9es? <\/strong><br><br>Las Super Randonn\u00e9es son recorridos permanentes organizados, controlados y validados por Provence Randonneurs. <br><br>Provence Randonneurs es el sucesor del Audax Club Parisien al frente de las Super Randonn\u00e9es. <br><br>Las Super Randonn\u00e9es se realizan en zonas monta\u00f1osas. <br><br>La longitud es de unos 600 km (373 millas) y el desnivel total supera los 10.000 m (32.800 pies). <br><br>Al inscribirse, cada ciclista elige si quiere participar en una Super Randonn\u00e9e como Turista o como Randonneur. <br><br>Los Turistas deben completar la SR a una media m\u00ednima de 75 km por d\u00eda. <br><br>El l\u00edmite de tiempo para los Randonneurs es de 60 horas. <br><br>Al ser permanentes, las Super Randonn\u00e9es se pueden realizar en cualquier \u00e9poca del a\u00f1o, siempre que las carreteras est\u00e9n abiertas. Aseg\u00farese de que lo est\u00e9n antes de empezar. <br><br><strong>Acerca de los ciclistas <\/strong><br><br>Las Super Randonn\u00e9es est\u00e1n abiertas a cualquier ciclista aficionado, independientemente de su afiliaci\u00f3n ciclista. Cada ciclista debe estar cubierto por un seguro de responsabilidad civil. Cualquier ciclista menor de 18 a\u00f1os debe tener el consentimiento de un padre o tutor legal. <br><br>Se recomienda encarecidamente a los participantes que contraten un seguro individual de accidentes para ciclistas (a menos que tengan una licencia deportiva que incluya dicho seguro). <br><br>Se acepta cualquier tipo de veh\u00edculo de tracci\u00f3n humana. <br><br>Los participantes pueden participar solos o en grupo. <br><br>Despu\u00e9s de la inscripci\u00f3n, los participantes recibir\u00e1n una tarjeta SR personal y una insignia de cuadro. Ambos deben llevarse consigo durante todo el recorrido. En la tarjeta, la informaci\u00f3n solicitada (apellido, nombre, direcci\u00f3n, etc.) debe completarse antes de la salida. <br><br><strong>Obligaciones de los participantes <\/strong><br><br>Cada participante debe ser autosuficiente. Los veh\u00edculos de apoyo, incluso ocasionalmente, est\u00e1n totalmente prohibidos en el recorrido y en los puestos de control. <br><br>El participante debe conducir de acuerdo con todas las normas de tr\u00e1fico aplicables y obedecer todas las se\u00f1ales de tr\u00e1fico. <br><br>Los participantes deben seguir el recorrido de la Super Randonn\u00e9e. El organizador proporciona una hoja de ruta detallada que indica la ubicaci\u00f3n de los puntos de control y archivos GPS. <br><br>Aquellos que se hayan registrado como Randonneurs deben comenzar desde el punto de partida definido por el organizador. Como Turistas, pueden elegir cualquier otro punto de partida en la hoja de ruta. <br><br>Las bicicletas deben estar equipadas con luces delanteras y traseras firmemente fijadas a la bicicleta. Durante las horas de oscuridad u otras condiciones de poca luz (lluvia, niebla, etc.), las luces deben estar encendidas y se debe usar un chaleco de alta visibilidad, tal como lo exige la ley de tr\u00e1nsito francesa. Se recomienda encarecidamente un sistema de iluminaci\u00f3n de respaldo y un faro. <br><br>Se recomienda usar un casco aprobado, ropa de color claro y llevar una manta de supervivencia y un tel\u00e9fono m\u00f3vil. <br><br><strong>Inscripci\u00f3n <\/strong><br><br>Al inscribirse en la Super Randonn\u00e9e, los participantes declaran por su honor que est\u00e1n en condiciones f\u00edsicas suficientes para completar el recorrido elegido y que han le\u00eddo las instrucciones de seguridad. <br><br>Antes de empezar, cada corredor debe registrarse con el organizador y abonar la cuota de inscripci\u00f3n. Las inscripciones deben realizarse dentro del per\u00edodo de inscripci\u00f3n definido por el organizador. Para las Super Randonn\u00e9es organizadas en Francia por Provence Randonneurs: al menos 7 d\u00edas antes de la fecha de inicio prevista. <br><br>La tarjeta es v\u00e1lida hasta que el participante haya empezado. Si comienza y abandona, la tarjeta ya no es v\u00e1lida para un nuevo intento. <br><br>En la opci\u00f3n Randonneur, los corredores deben indicar una fecha y hora de inicio en el momento de la inscripci\u00f3n. Es posible cambiar la fecha y la hora despu\u00e9s de la inscripci\u00f3n informando al organizador de la nueva fecha y hora, pero solo hasta al menos una semana antes de la salida. <br><br>En la opci\u00f3n Turista, los corredores no tienen que especificar una fecha de inicio. Sin embargo, si planean comenzar desde un punto diferente al punto de partida oficial, deben notificar al organizador su punto de partida. <br><br><strong>Control y Homologaci\u00f3n<\/strong> <br><br>Tanto los Turistas como los Randonneurs deben anotar en su tarjeta la fecha y hora de salida y llegada (d\u00eda, hora, minuto), as\u00ed como la hora de paso en todos los puestos de control intermedios (hora, minuto). <br><br>Deben acreditar su paso en el puesto de control Los participantes pueden participar en la Super Randonn\u00e9e haci\u00e9ndose una foto de su bicicleta en el lugar designado por el organizador. Para cada Super Randonn\u00e9e, el organizador proporciona informaci\u00f3n detallada sobre los lugares donde se pueden hacer las fotos de control. Esta informaci\u00f3n tambi\u00e9n se puede enviar por correo electr\u00f3nico. El participante puede aparecer en la foto, pero no sin su bicicleta. <br><br>Si las circunstancias lo permiten, los participantes pueden sellar su carnet en un establecimiento situado en el lugar de control, en lugar de hacerse una foto. El sello debe indicar el nombre del lugar de control, de lo contrario no es v\u00e1lido. <br><br>La falta de fotos (si no se sustituyen por sellos), la falta de tiempos de control o la p\u00e9rdida del carnet (independientemente de lo avanzado que est\u00e9 el participante en la carrera) supondr\u00e1n la descalificaci\u00f3n. <br><br>Cada participante debe completar personalmente su carnet SR. Cada participante debe proporcionar personalmente al organizador todas las fotos de control solicitadas para su homologaci\u00f3n. <br><br>Se pueden realizar controles secretos al inicio y durante la carrera. <br><br>Los participantes que corran como Randonneurs y terminen en un tiempo superior al permitido ser\u00e1n homologados como Turistas, siempre que hayan validado todos los controles y respetado el presente reglamento. <br><br>Al finalizar la carrera, los participantes deber\u00e1n devolver su tarjeta SR al organizador, junto con las fotograf\u00edas requeridas. Las fotograf\u00edas pueden enviarse en formato electr\u00f3nico. <br><br>La tarjeta SR ser\u00e1 devuelta al corredor despu\u00e9s de que se haya verificado y se le haya asignado un n\u00famero de homologaci\u00f3n. Los n\u00fameros de homologaci\u00f3n se emiten en orden cronol\u00f3gico, incluyendo tanto a los Turistas como a los Randonneurs. La lista de los corredores homologados se publicar\u00e1 en superrandonnees.org. Las Super Randonn\u00e9es no son eventos competitivos. Los corredores no se clasifican por rendimiento. <br><br><strong>Notas <\/strong><br><br>Una Super Randonn\u00e9e no puede contabilizarse como participaci\u00f3n o como cr\u00e9dito para otro evento organizado conjuntamente con la Super Randonn\u00e9e. <br><br>Una Super Randonn\u00e9e no puede celebrarse al mismo tiempo y en el mismo recorrido que un brevet de 600 km. <br><br>Las Super Randonn\u00e9es son permanentes y el organizador tiene la obligaci\u00f3n de ofrecerlas durante todo el a\u00f1o (siempre que las carreteras est\u00e9n abiertas al tr\u00e1fico). Si el organizador desea fijar una fecha para una Super Randonn\u00e9e, puede hacerlo, siempre que se respeten las reglas. En particular, no est\u00e1 autorizado a ofrecer asistencia motorizada, ni siquiera ocasionalmente, ni a realizar operaciones de control en lugar de los participantes. Debe ofrecer las dos opciones, Turista y Randonneur, y no debe imponer ning\u00fan horario a los participantes. <br><br>Se espera que los participantes de una Super Randonn\u00e9e acepten que su nombre sea publicado por Provence Randonneurs. En cualquier caso, su identidad no se utilizar\u00e1 con fines comerciales ni se transmitir\u00e1 a terceros. <br><br>Tambi\u00e9n se espera que los participantes de una Super Randonn\u00e9e acepten plenamente estas reglas. Cualquier fraude, trampa o violaci\u00f3n deliberada de estas reglas dar\u00e1 lugar a la exclusi\u00f3n del participante de los eventos organizados por Provence Randonneurs. El corredor puede presentar un recurso o una reclamaci\u00f3n por escrito (incluso por correo electr\u00f3nico) al presidente de Provence Randonneurs, que tomar\u00e1 una decisi\u00f3n definitiva. <br><br>08 de agosto de 2024 <\/p>\n\n\n\n<figure class=\"wp-block-image size-full\"><img fetchpriority=\"high\" decoding=\"async\" width=\"933\" height=\"640\" src=\"https:\/\/www.ciclismoenalicante.es\/wp-content\/uploads\/2025\/01\/logo-2022-pour-site-et-etiquette.jpg\" alt=\"\" class=\"wp-image-167\" srcset=\"https:\/\/www.ciclismoenalicante.es\/wp-content\/uploads\/2025\/01\/logo-2022-pour-site-et-etiquette.jpg 933w, https:\/\/www.ciclismoenalicante.es\/wp-content\/uploads\/2025\/01\/logo-2022-pour-site-et-etiquette-300x206.jpg 300w, https:\/\/www.ciclismoenalicante.es\/wp-content\/uploads\/2025\/01\/logo-2022-pour-site-et-etiquette-768x527.jpg 768w, https:\/\/www.ciclismoenalicante.es\/wp-content\/uploads\/2025\/01\/logo-2022-pour-site-et-etiquette-437x300.jpg 437w\" sizes=\"(max-width: 933px) 100vw, 933px\" \/><\/figure>\n","protected":false},"excerpt":{"rendered":"<p>Inscripciones INSCRIPCION BREVETS CC ALIBIKE 2026 La Super Randonn\u00e9e Monta\u00f1as de Alicante es un recorrido permanente de 600 Kms y m\u00e1s de 10.000 metros de desnivel positivo. El participante elige la fecha y la hora de salida, c\u00f3mo se organiza, &hellip; <a href=\"https:\/\/www.ciclismoenalicante.es\/?page_id=24\">Sigue leyendo <span class=\"meta-nav\">&rarr;<\/span><\/a><\/p>\n","protected":false},"author":1,"featured_media":23266,"parent":0,"menu_order":0,"comment_status":"closed","ping_status":"open","template":"","meta":{"footnotes":""},"class_list":["post-24","page","type-page","status-publish","has-post-thumbnail","hentry"],"_links":{"self":[{"href":"https:\/\/www.ciclismoenalicante.es\/index.php?rest_route=\/wp\/v2\/pages\/24","targetHints":{"allow":["GET"]}}],"collection":[{"href":"https:\/\/www.ciclismoenalicante.es\/index.php?rest_route=\/wp\/v2\/pages"}],"about":[{"href":"https:\/\/www.ciclismoenalicante.es\/index.php?rest_route=\/wp\/v2\/types\/page"}],"author":[{"embeddable":true,"href":"https:\/\/www.ciclismoenalicante.es\/index.php?rest_route=\/wp\/v2\/users\/1"}],"replies":[{"embeddable":true,"href":"https:\/\/www.ciclismoenalicante.es\/index.php?rest_route=%2Fwp%2Fv2%2Fcomments&post=24"}],"version-history":[{"count":29,"href":"https:\/\/www.ciclismoenalicante.es\/index.php?rest_route=\/wp\/v2\/pages\/24\/revisions"}],"predecessor-version":[{"id":23324,"href":"https:\/\/www.ciclismoenalicante.es\/index.php?rest_route=\/wp\/v2\/pages\/24\/revisions\/23324"}],"wp:featuredmedia":[{"embeddable":true,"href":"https:\/\/www.ciclismoenalicante.es\/index.php?rest_route=\/wp\/v2\/media\/23266"}],"wp:attachment":[{"href":"https:\/\/www.ciclismoenalicante.es\/index.php?rest_route=%2Fwp%2Fv2%2Fmedia&parent=24"}],"curies":[{"name":"wp","href":"https:\/\/api.w.org\/{rel}","templated":true}]}}